/(-5). Let l be (r - 1) + 7 + -3. Suppose -3*v = -3*s - 39, -39 = -2*v - 5*s - l. What is the tens digit of v?
1
Suppose -10 = -3*t + 5*n, 5*t + 0*n = 5*n + 10. Suppose -3*s = -337 + 85. Suppose t = -5*h + h + s. What is the units digit of h?
1
Suppose m = -5*w + 4*w - 83, 0 = 4*w - 4. What is the units digit of 0*(-5)/20 - m?
4
Suppose 0 = 2*q - 5*n + 124 - 826, 4*q - 4*n = 1392. What is the hundreds digit of q?
3
Let d(a) = 28*a + 15. Let t be ((-1)/(-3))/((-1)/(-27)). What is the tens digit of d(t)?
6
Let s = -85 - -90. Suppose -2*b + 708 = 4*d - 6*b, 3*b - 925 = -s*d. What is the hundreds digit of d?
1
Let j(w) = 162*w. Let k be j(1). Let c = k - 102. Suppose -d + 6 + 11 = 3*t, 4*d - c = -4*t. What is the tens digit of d?
1
Let m be 2/3*-3 + 8. Suppose -4*p - 2 = m, -9 = -u - 3*p. Let h = -6 + u. What is the units digit of h?
9
Suppose -2*y = -4*y. Suppose -7*i + i + 1158 = y. Suppose 4*b + p = 183, -4*b + 4*p - 3*p = -i. What is the units digit of b?
7
Let s = -346 - -556. What is the tens digit of s?
1
Suppose 0 = 754*j - 745*j - 20205. What is the thousands digit of j?
2
Suppose 3361 = 4*t - 1491. Suppose t + 481 = 11*m. What is the units digit of m?
4
Let w(t) = -22*t + 1. Let c be w(-1). What is the tens digit of c + 8*2/(-4)?
1
Let w = 1551 + -1050. What is the units digit of w?
1
Let h = -60 + 573. What is the hundreds digit of h?
5
Let z(u) = 2 - 3 + 2 + 10*u + 5*u**2 - 4. What is the units digit of z(-7)?
2
Suppose -2*z - 3*k - 39 = -6*z, 0 = 4*z + 2*k - 34. Let q = -6 - -5. What is the units digit of (q - (-15)/z)*21?
4
Suppose 5*s = 20 - 0. Suppose 0 = o - 3*n - 7, -3*o - 2*o - s*n + 35 = 0. Suppose -1 + o = 2*l. What is the units digit of l?
3
What is the units digit of (-1)/(-5) + (-4229)/(-5)?
6
Let m = -217 - -635. What is the tens digit of m?
1
What is the hundreds digit of -2*(-22)/4*(-756)/(-21)?
3
Let v be 11893/35 + (-1)/(-5). Suppose 5*q - 5*z = v, 4*q - 5*z = 5*q - 98. What is the units digit of q?
3
Let q(n) be the first derivative of -n**2 - 14*n - 4. Let a be q(-12). Let w(h) = h**3 - 11*h**2 + 11*h + 8. What is the tens digit of w(a)?
1
Suppose 0 = 4*g + y, -3*g - 2*g + 5*y = 0. Suppose -3*o = -2*m + 9, 6 = 5*m - g*o - 2*o. Suppose n - 2*n + 36 = m. What is the units digit of n?
6
Let h = -496 - -279. Let p = -91 - h. What is the tens digit of p?
2
Suppose -p = 3*i + 897, 0 = -i - 3*i + 2*p - 1206. Let h = -176 - i. What is the units digit of h?
4
Let k = 2698 - 1831. What is the units digit of k?
7
Suppose -2*y + 4211 = -1419. Suppose -5*f - 11565 + y = 4*v, 4390 = -2*v + 5*f. What is the units digit of (1/3)/((-10)/v)?
3
Suppose -7*w + 394 - 58 = 0. Suppose -2*m + w = -m + 3*h, 5*m = h + 160. What is the tens digit of m?
3
Suppose 0 = 3*c + 12, 0*c - 8 = -4*d - 5*c. Let f(o) = 4*o + 16 - 6*o + d*o**2 - 6*o**2. What is the units digit of f(-5)?
1
Suppose 780 = 2*x - 236. What is the units digit of x?
8
Let v = -12 - -17. Suppose 5*p = -f + 387, 0 = p + 8*f - 5*f - 69. Suppose -3*r - 163 = -v*u, 4*u = 2*u - 2*r + p. What is the units digit of u?
5
Let x(k) = 9*k**3 - 9*k**2 + k - 4. What is the units digit of x(4)?
2
Suppose 0 = 23*j - 30*j + 9604. What is the thousands digit of j?
1
Let d(n) = -4*n - 7. Let b be d(-5). Let q = -12 + b. What is the units digit of q?
1
Let b be (-1)/2*(-16 + 8). Suppose -1 = -b*k + 7. Suppose 4*l - 4*r - 208 = 0, k*l - 5*r - 153 = -64. What is the tens digit of l?
5
Let r(m) = -m**3 - 7*m**2 + 21*m - 16. Let g(w) = -2*w**2 + 5*w - 4. Let x(l) = 9*g(l) - 2*r(l). Let k = 5 + -2. What is the tens digit of x(k)?
2
What is the units digit of 7*(-10)/(-70)*2341?
1
Suppose -416 = -2*l - q, 475 = 4*l + 3*q - 359. What is the units digit of l?
7
Let x(w) = 2*w + 3. Let k be x(-1). Suppose -2*m = -z - k, -8*z + 55 = -3*z + 5*m. What is the units digit of z?
7
Suppose -a + 0*a = 4*f - 394, -f = 5*a - 108. Let l = f - 11. What is the units digit of l?
7
Let r be -20*1/(10/(-15)). Let g be ((-6)/(-10))/(3/r). Suppose -5*x - 6 = -g*x. What is the units digit of x?
6
Suppose -88*j + 67*j + 74802 = 0. What is the tens digit of j?
6
Suppose -384 = 12*r - 8*r. Let w = r + 186. What is the tens digit of w?
9
What is the units digit of 4*582/4*11/33?
4
Suppose 59 = -6*y - 13. Let o(l) = l**3 + 1. Let f(z) = -z**3 + 11*z**2 - 10*z + 14. Let g(i) = -f(i) - 2*o(i). What is the units digit of g(y)?
8
Suppose 0 = 2*a - 1 - 3. Let k(x) = 40*x + 2. What is the units digit of k(a)?
2
Suppose 0 = -5*m - 49 + 129. Let l = 19 + m. Suppose 0 = -5*o - 2*w + 166, -5*w + 4*w + l = o. What is the tens digit of o?
3
Suppose -2*f + 6068 = 2*f - c, -4 = -c. What is the thousands digit of f?
1
Suppose -3*d + 15 = 2*d. Suppose 4*o - g - 38 = g, 0 = 3*o - d*g - 27. Suppose o*m - 54 = 8*m. What is the tens digit of m?
2
What is the hundreds digit of (-340)/765 - (-27854)/18?
5
Let z = 299 - 279. What is the tens digit of z?
2
Let i(p) = -p**2 + 3*p + 2. Let w be i(6). Let j = w + 63. What is the units digit of j?
7
Let g(y) = y**3 + 14*y**2 + 5*y + 2. What is the tens digit of g(-10)?
5
Let d(y) = 7 + y**2 - 2*y + 0*y + 2*y + 2*y**3 - 3*y. What is the units digit of d(4)?
9
Suppose 32*d - 7321 = -985. What is the tens digit of d?
9
Suppose 3*t + 0 = 33. Let g = 27 + t. What is the units digit of g?
8
Let r(q) = q**3 - 12*q**2 + 9*q + 14. Let v be r(11). Let j(l) = -3*l + 15. What is the units digit of j(v)?
9
Let i be 27/8 + 30/(-80). Suppose -i*z + 147 = -3*k, -4*z = 3*k - 5*k - 196. What is the units digit of z?
9
Suppose -5*a + 1116 = 3*d - 6*a, 0 = 2*a. What is the units digit of d?
2
Let n = 15 + -8. Let c(m) = -m**2 - 10*m + 15. Let a be c(-11). Suppose 147 - n = a*d. What is the units digit of d?
5
Let f = 717 - 389. What is the units digit of f?
8
Let z = -5 + 61. Let v = -10 - 17. Let h = z + v. What is the units digit of h?
9
Let v = 2293 - 1202. What is the thousands digit of v?
1
Let s = 93 - 90. What is the tens digit of -4 - (-214 + s - 4)?
1
Let h(n) = -4*n - 13. Let t be h(-10). Suppose 0 = -4*x + z - 31, 5*z + 37 = -5*x - 33. Let f = x + t. What is the units digit of f?
8
What is the tens digit of 430/3 - (-24)/(-18)?
4
Let x(m) = -m + 4. Let y be x(-6). What is the units digit of 28 - (-1)/((-5)/y)?
6
Let j(s) = -9*s + 13. Let g be j(0). Suppose -g = -3*c + 107. What is the tens digit of c?
4
What is the tens digit of 759*((-33)/9 - (0 - 4))?
5
Suppose -65 = -21*x + 16*x. Suppose x*m - 9*m - 172 = 0. What is the tens digit of m?
4
Let m(o) = -4*o + 2*o**2 + 2*o**2 - 4 - 3*o**2 - 2*o. Let i be m(5). Let c = -6 - i. What is the units digit of c?
3
Suppose -40705 = -50*o + 15*o. What is the units digit of o?
3
Let b be 77 - (-5)/(-5)*-4. Suppose 5*k - 3*y = 737, 5*k - b = 5*y + 664. What is the hundreds digit of k?
1
Let d = -18 - -37. Suppose 0 = 5*o + 3*u - d, 5*o - 31 = -5*u - 6. What is the units digit of (-1)/o - 635/(-10)?
3
Let h(f) = -f**3 + 16*f**2 - 6*f - 50. What is the hundreds digit of h(11)?
4
Suppose -q = -h + 5 + 4, -3*q = 3*h - 21. Suppose 11*s - 252 = h*s. What is the tens digit of s?
8
Let d be (78/(-15))/(6/(-15)). Let n = 18 - d. Suppose -2*p - s = 2*p - 73, -3*p = n*s - 42. What is the tens digit of p?
1
Let l = 906 - 374. What is the units digit of l?
2
Suppose -32*g + 19*g = -11440. What is the hundreds digit of g?
8
Let o be 2/(-7) - (-64)/28. Suppose -o*g + b - 6*b = -51, g - 15 = b. Suppose 3*r + g = 78. What is the units digit of r?
0
Let x(l) = -4 - 2*l**2 - 5*l - 8*l + 5*l**2 + 22*l. What is the tens digit of x(-7)?
8
Let d = -32 - -36. Suppose -4*n + d*a + 476 = 0, 5*n - a - 209 = 370. What is the units digit of n?
5
Let g = 19 - 25. Let o = g + 50. What is the tens digit of o?
4
Let c(z) be the second derivative of -23*z**3/2 - 3*z**2/2 + 37*z. What is the units digit of c(-3)?
4
What is the units digit of (-6)/27 + (-24324)/(-108)?
5
What is the thousands digit of 25*(-3 + (71 - 3))?
1
Let g(w) = w + 1. Let t(m) = 177. Let d(o) = -5*g(o) + t(o). What is the hundreds digit of d(0)?
1
Let b(z) = 7*z - 13. Let x be b(2). What is the tens digit of ((-753)/6 + x)*2/(-3)?
8
Let y = -264 + 416. What is the tens digit of y?
5
Suppose -32*i - 110 = -33*i. What is the units digit of i?
0
Let l(c) = 145*c + 1. Let s be l(-1). Let o = 95 - 89. What is the units digit of o/15 + s/(-15